 factors of o?
2, 3
Let q(s) = -s**2 + 9*s - 9. Suppose -4*b + 18 = 2*k, 3*b + 5*k - 13 = b. Suppose 8*i - b*i = g + 25, 5 = -5*g. What are the prime factors of q(i)?
3
Let q(y) = -y + 22. What are the prime factors of q(11)?
11
Let k = -29 - -56. What are the prime factors of k?
3
Let j(r) = r - r**2 + 2*r + 4 + 0*r**2. Let o be j(4). Let i = o + 8. List the prime factors of i.
2
Let h(a) = -a**2 - 7*a - 2. Let u be h(-5). Let o = u + 7. Suppose -3*t + o = -2*t. List the prime factors of t.
3, 5
Suppose -4*o + 80 = s, 0 = -4*s - s - 2*o + 328. List the prime factors of s.
2
Let n = -2 + 2. Let q be (-1 - 0)*n/3. Let p(b) = b**2 - b + 9. What are the prime factors of p(q)?
3
Let o(v) = v**2 - 5*v + 1. Let s be o(6). Let g(q) = -2*q + q**2 + 10 + 0*q - 6*q. List the prime factors of g(s).
3
Suppose -4*o + 5*b = -144, -26 = -5*o - 2*b + 121. What are the prime factors of o?
31
Let s = 102 - 55. Let c = s + -17. List the prime factors of c.
2, 3, 5
Suppose 0 = -m + 1 + 3. Suppose -m*u + 0 = -28. List the prime factors of u.
7
What are the prime factors of (-6)/(-4)*(9 - -1)?
3, 5
Let n be (-8)/(-2) + -2 + 2. Let k = 8 - n. Suppose 21 + 32 = k*d - 5*f, 5*f - 19 = -2*d. What are the prime factors of d?
2, 3
What are the prime factors of (-2 + 3)*13/1?
13
Let u(b) be the second derivative of 11*b**4/24 + b**2/2 - 3*b. Let w(g) be the first derivative of u(g). List the prime factors of w(1).
11
Suppose -2*x + 12 = 2*x. Suppose -q - x = -13. List the prime factors of q.
2, 5
Let l = -12 + 9. Let n(r) = -7*r + 1. What are the prime factors of n(l)?
2, 11
List the prime factors of (-25)/(-1) + 1*-1.
2, 3
Let p(h) be the third derivative of h**5/60 + h**4/4 + 2*h**3 + 7*h**2. What are the prime factors of p(-10)?
2, 13
Suppose 4*t = -5*l + 1449, -l - 478 + 109 = -t. What are the prime factors of t?
2, 3, 61
Suppose -4*r = 3*w - 15 + 7, 4*w + 5*r = 11. Suppose w*s - 95 = -s. List the prime factors of s.
19
Let f(q) = -q**3 - 7*q**2 + 8*q - 3. Let m be f(-8). Let k be 37 + 6/m*1. Let r = k + -23. What are the prime factors of r?
2, 3
Let o be 15/(-2)*(-112)/35. Suppose 2*u - o = -2*a, 7*u - 28 = 4*u + a. List the prime factors of u.
2, 5
List the prime factors of 242 - (-4 - 1 - -3).
2, 61
Suppose 5*h + 1 = 6*h. Let n be h/(-2 - -1)*2. What are the prime factors of ((-1)/n)/((-3)/(-24))?
2
Let y = -3 - -6. Let v be (y/(-4))/(1/(-12)). Suppose -5*z + 33 = d + 6, 0 = 3*d + v. What are the prime factors of z?
2, 3
Suppose -4*a + 27 = 4*l - 41, 0 = 3*a + 2*l - 50. List the prime factors of a.
2
Let n(a) = 24*a**2 - 7*a - 15. What are the prime factors of n(-3)?
2, 3, 37
Suppose 0 = -5*j + 3*n - 19, -2*j + 4*j + 4*n - 8 = 0. Let a be ((-3)/(-6))/(j/(-28)). Suppose 2*p - a = 3. What are the prime factors of p?
5
Suppose -a + 5*q = 13, 0 = -5*a - 4*q + 2*q - 11. Let o = a + 11. What are the prime factors of o?
2
Let s = 0 + 3. Suppose 5*l + 2*m - 50 = 0, -3 = s*l + 4*m - 33. What are the prime factors of l?
2, 5
Suppose 0 = 4*k - 4*g - 12, 5*g = -2*k + 2*g + 26. Let p(u) = u**3 - 7*u**2 - 4. Let o be p(k). List the prime factors of ((-12)/(-15))/(o/(-30)).
2, 3
Suppose -2*q - 50 = -278. What are the prime factors of q?
2, 3, 19
Let d = 69 + -39. Suppose 3*b + 108 + d = 0. What are the prime factors of (5 + -7)*b/4?
23
Let x = 4 - -50. Suppose -x = -2*i - 0*i. Suppose -4*n + 7*n - i = 0. List the prime factors of n.
3
Let l(u) = 4*u. Let y be l(1). Suppose -2*a + y - 16 = -2*b, 0 = b - 5*a + 14. List the prime factors of b.
11
Let d = -99 + 155. What are the prime factors of d?
2, 7
Let s(b) = b**2 - 7*b + 8. Let z be s(6). Suppose 0 = v - 5*g + 21 - z, -3*v = -2*g + 31. What are the prime factors of (12/v)/(1/(-6))?
2
Suppose 4*a - 229 = 659. What are the prime factors of a?
2, 3, 37
Let m = 1425 + -994. List the prime factors of m.
431
Let w = 467 - 280. List the prime factors of w.
11, 17
Let g(u) = 1 - 2*u + 1 - 4*u + 0. Let s be g(6). List the prime factors of (s*(-2)/(-4))/(-1).
17
Suppose k + 3*u = -14 - 1, -2*k = -3*u + 39. Let q = k + 27. List the prime factors of q.
3
Suppose -14 - 62 = -2*i. What are the prime factors of i?
2, 19
Suppose -u + 0 + 5 = 0. Suppose -4*l = -4*p + u*p - 105, -2 = -2*p. Let i = l - 15. What are the prime factors of i?
11
Suppose 4*u = -4*z + 280, -2*u - 3*z + 201 - 57 = 0. Suppose 3*i = i + u. List the prime factors of (-1)/(-3 - (-96)/i).
11
Let r(s) = -s - 3. Let a be r(-3). Suppose a = 4*d - 4. Suppose b - d - 11 = 0. List the prime factors of b.
2, 3
Let b = 14 + -11. Let x = 11 - b. Suppose 2*l + x = 0, -3*z - 3*l = -2*l - 2. List the prime factors of z.
2
Suppose 0 = 4*q - 19*q + 2625. List the prime factors of q.
5, 7
Suppose -p - m - 5 = 0, -2*m + 8 = -4*m. Let g = 16 + p. What are the prime factors of g?
3, 5
Let d = 185 + -117. What are the prime factors of d?
2, 17
Suppose -725 = -2*w - 3*w. Suppose -6*a + w = -a. List the prime factors of a.
29
Let x = 4 + -1. Suppose -2*w + 64 = 8*j - x*j, 2*w + 34 = 2*j. What are the prime factors of j?
2, 7
Suppose -4*i + 4 + 12 = 0. List the prime factors of -1 + (-8)/(-2) + i.
7
Suppose 5*h - 1699 = 201. List the prime factors of h.
2, 5, 19
Suppose -27 + 7 = -2*h. Suppose i - 3*a - 35 = -0*i, 5*a + h = 0. Let r = -15 + i. List the prime factors of r.
2, 7
Suppose 0 = -4*r + 2*r. Let i(m) = -4*m**2 - 3*m + 69. Let l(x) = -3*x**2 - 2*x + 46. Let n(k) = 5*i(k) - 7*l(k). What are the prime factors of n(r)?
23
Suppose 4*u - 108 = 332. What are the prime factors of u?
2, 5, 11
Let j = -52 - -67. Suppose i - 5 = -4. List the prime factors of (j - 1) + i - 3.
2, 3
Let m(s) = -4*s**3 + s**2 + s. Let h be m(-1). Suppose -4*k + 28 = h*b, 2*b + 3 = k - 7. Let o = k + -4. List the prime factors of o.
2
Let y(g) = g**2 - 3*g + 2. Suppose 2*v = -4*z - 1 - 25, z = -v - 10. Let a = -3 - v. What are the prime factors of y(a)?
2, 3
Let r(i) = -i**3 + 7*i**2 + 8*i + 5. Let u be 66/8 + (-1)/4. List the prime factors of r(u).
5
List the prime factors of 2 + (-348)/(-9) - 8/12.
2, 5
Let x(w) = w + 2. Let c be x(7). Suppose -21 = -v + c. What are the prime factors of v?
2, 3, 5
Let q be (3 - 33/9)*-3. Suppose -k = -q*k + 3. List the prime factors of k.
3
Suppose -3*g + 3 = 33. Let h be (-118)/6 + 4/(-12). What are the prime factors of (-8)/h - 26/g?
3
Let d(m) = -4*m**3 + 6*m**2 - 6*m + 3. Let c(s) = -5*s**3 + 6*s**2 - 7*s + 3. Let u(b) = -3*c(b) + 4*d(b). List the prime factors of u(5).
13
Let u(s) = -s**2 - 6*s + 5. Suppose 2*o + 24 = -3*o - 2*b, -2*o - 2*b = 12. List the prime factors of u(o).
13
List the prime factors of -1*(4/10 + 424/(-10)).
2, 3, 7
Let z(f) = -2*f**2 + 5*f**2 + 5 - 2*f - 5*f + 0*f. List the prime factors of z(4).
5
Suppose -3*i - 7 = -4*t, 0*i + i = -t - 14. Let f(j) = j**3 - 5*j**2 - 7*j + 5. Let l be f(6). Let v = l - i. List the prime factors of v.
2
Let u be (3 - -1)*(-2)/(-4). Suppose x = 2*j - 2, 5*x - 1 = j - u. List the prime factors of (x - -3)*(-8)/(-6).
2
Let x(q) = q + 11. Let z be x(-6). Suppose -z*y = -78 - 12. List the prime factors of y.
2, 3
Let t(d) = -d**3 - 6*d**2 - d - 4. Let f be t(-6). Suppose -3*j = -4*j + f. What are the prime factors of 1 + 3 - (-3 + j)?
5
Let i = 37 + -2. Let t = 71 - i. What are the prime factors of t?
2, 3
Suppose -8*l + 2808 = 4*l. List the prime factors of l.
2, 3, 13
Let s = 5 - 1. Suppose 4*x + v + 344 = -31, 0 = -5*x - 5*v - 465. What are the prime factors of x/(-14) + s/14?
7
List the prime factors of (-12 - -13)/((-1)/(-15)).
3, 5
Let a(b) = -b + 12. Let y be a(-11). Suppose -t + 3*g + 4 = 5, -t + y = 3*g. Let j = t - 3. What are the prime factors of j?
2
Let t(f) = f**3 + 7*f**2 + f + 10. Let v be t(-7). Let q = -3 + v. Suppose 4*z = -q*z + 32. What are the prime factors of z?
2
Let l(k) = -k**3 - 10*k**2 - 3*k - 9. Suppose -8 = 3*d + d. Let n be d/(-4) + 63/(-6). List the prime factors of l(n).
3, 7
Let p(g) = -g**3 + 7*g**2 - 6*g + 8. What are the prime factors of p(6)?
2
Suppose 0 = 2*t + 3*w - 110, -3*t + 0*w = -w - 143. List the prime factors of t.
7
Let i be -3 + (-4)/((-4)/77). Let o = i + -48. List the prime factors of o.
2, 13
Suppose 4*f + 5*d - 3*d + 8 = 0, 0 = 5*f + 4*d + 16. Suppose -3*u + 0*u + 2*c - 1 = f, 5*u - 25 = -2*c. List the prime factors of u.
3
What are the prime factors of 1/4 + (-1976)/(-32)?